{"id":66,"date":"2024-11-07T14:13:02","date_gmt":"2024-11-07T13:13:02","guid":{"rendered":"https:\/\/consems.de\/blog\/?page_id=66"},"modified":"2024-11-07T16:46:02","modified_gmt":"2024-11-07T15:46:02","slug":"der-vorehe-checkup","status":"publish","type":"page","link":"https:\/\/consems.de\/blog\/der-vorehe-checkup\/","title":{"rendered":"Der (VOR)EHE-CHECKUP"},"content":{"rendered":"\n<p>Herzlich Willkommen zum (VOR)EHE-CHECKUP. Vielleicht habt ihr mich auf einer Hochzeitsmesse (z.B. die letzte Messe im November in Lingen) getroffen oder von Freunden davon geh\u00f6rt. Ich freue mich jedenfalls, dass ihr hier her gefunden habt. \ud83d\ude42<br><br><img loading=\"lazy\" decoding=\"async\" width=\"150\" height=\"153\" class=\"wp-image-75\" style=\"width: 150px;\" src=\"https:\/\/consems.de\/blog\/wp-content\/uploads\/2024\/11\/photo-heiko-mediation.jpg\" alt=\"\" srcset=\"https:\/\/consems.de\/blog\/wp-content\/uploads\/2024\/11\/photo-heiko-mediation.jpg 313w, https:\/\/consems.de\/blog\/wp-content\/uploads\/2024\/11\/photo-heiko-mediation-294x300.jpg 294w\" sizes=\"auto, (max-width: 150px) 100vw, 150px\" \/><br><\/p>\n\n\n\n<p><strong>Was ist der (VOR)EHE-CHECKUP?<\/strong><br>Mein (VOR)EHE-CHECKUP ist ein normalerweise ca. 45-min\u00fctiges Paar-Gespr\u00e4ch und wird von mir (zertifizierter Mediator) gef\u00fchrt und moderiert. Wichtig ist mir, dass dieses Gespr\u00e4ch auf allseitiger Augenh\u00f6he gef\u00fchrt wird. Nat\u00fcrlich ist das absolut vertraulich. <br><br><strong>Wie l\u00e4uft der (VOR)EHE-CHECKUP ab?<\/strong><br>Ich werde mit euch ein paar Fragen durch gehen, \u00fcber die ihr euch vielleicht noch keine Gedanken gemacht habt. Hier d\u00fcrft ihr ganz ehrlich sagen, wie ihr dazu steht.<br>Im Idealfall werdet ihr euch dabei leuchtend in die Augen schauen und seid \u00fcberall einer Meinung. <br>Sollte es bei der einen oder anderen Frage unterschiedliche Meinungen geben, ist jetzt die beste Gelegenheit, dies anzusprechen. Wir werden bei jeder Frage \u00fcberlegen, wie ihr damit umgehen wollt oder ob wir die Frage gemeinsam beleuchten und kl\u00e4ren.<\/p>\n\n\n\n<p>Zum Ende erhaltet ihr ein Zertifikat, dass ihr am (VOR)EHE-CHECKUP teilgenommen habt. <\/p>\n\n\n\n<p>Nun k\u00f6nnt ihr ganz entspannt weiter eure Ehevorbereitungen planen.<br><br><strong>Was machen wir, wenn da doch ein paar Fragen w\u00e4ren, bei denen euch der Schuh dr\u00fcckt?<\/strong><br>Ruft mich einfach an oder schreibt mir eine E-Mail, und wir werden einen Termin abmachen. Wir werden uns diesen Fragen widmen und sie uns genau unter die Lupe nehmen.  Das k\u00f6nnt ihr \u00fcbrigens jederzeit, denn so werden die Fragen nicht zu einem Streit.<br><br><strong>Und was, wenn es sp\u00e4ter zu einer Uneinigkeit kommt, die wir selber nicht l\u00f6sen k\u00f6nnen?<\/strong><br>Ruft mich an oder schreibt mir eine E-Mail. Je nach dem, wie komplex das Problem ist (werden wir herausfinden), k\u00f6nnen wir es direkt l\u00f6sen oder ich biete euch eine Mediation an.<br><br><strong>Mensch! Wir haben bereits geheiratet, ist der (VOR)EHE-CHECKUP immer noch m\u00f6glich?<\/strong><br>Aber nat\u00fcrlich. Vielleicht werde ich ein paar andere Fragen stellen. Je eher ihr eure Fragen kl\u00e4rt, desto besser.<br><\/p>\n\n\n\n<p><strong>Welche Vorteile haben wir durch den (VOR)EHE-CHECKUP?<\/strong><\/p>\n\n\n\n<ul class=\"wp-block-list\">\n<li>Ihr lernt euch durch die Fragen noch mal besser kennen.<\/li>\n\n\n\n<li>Ihr sprecht \u00fcber W\u00fcnsche und Bed\u00fcrfnisse eures Partners \/ eurer Partnerin<\/li>\n\n\n\n<li>Ihr lernt, Konfliktpotentiale zu erkennen und bekommt eine L\u00f6sungsoption<\/li>\n\n\n\n<li>Ihr ebnet die Wege f\u00fcr eine friedvollen Beziehung<\/li>\n\n\n\n<li>Ihr sprecht Dinge auf Augenh\u00f6he an und k\u00f6nnt so bereits jetzt kl\u00e4ren, ob sich da sp\u00e4ter ein Konflikt anbahnen k\u00f6nnte<\/li>\n<\/ul>\n\n\n\n<p><strong>Gibt es auch Risiken?<\/strong><br>Ja, es gibt ein Risiko. Aber dieses Risiko ist auch ein gro\u00dfer Vorteil f\u00fcr euch.<br>Es k\u00f6nnte sein, dass ihr auf ein K.O.-Kriterium sto\u00dft &#8211; auf eine Frage, auf die ihr absolut unterschiedlich antwortet und es f\u00fcr euch auch keine einvernehmliche Antwort gibt. Wie zum Beispiel die Kinderfrage. Sollte sich eine Person Kinder w\u00fcnschen, die andere jedoch nicht, und beidseitig kein Interesse an einer (beziehungs)alternativen L\u00f6sung bestehen, k\u00f6nnte hier der gemeinsame Weg ein Ende finden. Aber diese Frage w\u00fcrde IRGENDWANN auftauchen und auch dann zu diesem Ergebnis f\u00fchren. Also ist in diesem tragischen Fall das Risiko, dass ihr die un\u00fcberwindbaren H\u00fcrden bereits jetzt seht, euch noch Zeit lassen k\u00f6nnt, ob ihr sie dennoch \u00fcberwinden k\u00f6nnt. Wenn nicht, habt ihr viel (Lebens-)Zeit, Nerven und Geld (Hochzeit und Scheidung) gespart. <br>Und lasst euch nicht entmutigen. Denn auf viele Fragen gibt es Antworten und auch gemeinsame L\u00f6sungen. Und diese L\u00f6sungen k\u00f6nnen euch noch viel mehr zusammenschwei\u00dfen. Denn ihr arbeitet ja gemeinsam aus Liebe an den L\u00f6sungen.<\/p>\n\n\n\n<p><br><strong>Was kostet uns ein (VOR)EHE-CHECKUP?<\/strong><br>Den(VOR)EHE-CHECKUP biete ich euch f\u00fcr 89 Euro an &#8211; vielleicht die von euch am sinnvollsten investierten 89 Euro. \ud83d\ude09 Sollten 45 Minuten nicht ausreichen, liegt ein weiterer Zeitblock bei 69 Euro. Aber keine Sorge. Auf 5 Minuten achte ich dabei nicht.<\/p>\n\n\n\n<p><\/p>\n\n\n\n<p><strong>Wo findet das statt?<\/strong><br>Der (VOR)EHE-CHECKUP findet in Meppen statt. Die genaue Adresse werde ich euch via E-Mail noch zukommen lassen.<br>Es gibt aber auch die M\u00f6glichkeit, dass wir diesen Checkup-Termin via Zoom am PC durchf\u00fchren. Ein pers\u00f6nliches Treffen ziehe ich aber vor \ud83d\ude42<br><\/p>\n\n\n\n<p><strong>DU oder SIE?<\/strong><br>Beides ist m\u00f6glich. Mein Name ist Heiko. Ich habe kein Problem damit, geduzt zu werden. In einem friedvollen Gespr\u00e4ch auf Augenh\u00f6he kann ich damit Barrieren abbauen. Aber wenn Sie m\u00f6chten, bin ich Herr L\u00fcbben und wir k\u00f6nnen das formellere SIE nehmen. In hoch-eskalativen Situationen (aber da bewegen wir uns ja nicht) gehe ich auf das SIE \u00fcber und ziehe meine moderative Leine strammer, um eine Gespr\u00e4chsatmosph\u00e4re auf Augenh\u00f6he zu gew\u00e4hrleisten. <\/p>\n\n\n\n<p><\/p>\n\n\n\n<p><strong>Was sind deine Beweggr\u00fcnde, uns das anzubieten? Wieso bist du Mediator?<\/strong><br>Ich bin ein sehr empathischer Mensch, der der Meinung ist, dass Harmonie in Beziehungen sehr wichtig ist. Gerade am Anfang eines gemeinsamen Lebensweges sollten sich beide einig sein, denn dann stellt ihr eure Beziehung auf ein stabiles Fundament. Da ich also gerne befriede, habe ich mich zum zertifizierten Mediator weitergebildet. Auf diese Weise kann ich zumindest etwas zu einer friedlicheren Gesellschaft beitragen.<\/p>\n\n\n\n<p><\/p>\n\n\n\n<p><strong>Wie erreichen wir dich?<\/strong><br>Am besten via E-Mail mediation@consems.de oder via Telefon: 05931\/4099748<\/p>\n\n\n\n<p><\/p>\n\n\n\n<p><strong>Wir haben noch weitere Fragen.<\/strong><br>Schreibt mir gerne eine E-Mail oder wenn es dringend ist, ruft mich an. Lasst auf dem AB gerne eine Nachricht und eine kurze Info, worum es euch geht.<br><\/p>\n\n\n\n<p><strong>D\u00fcrfen wir dich weiter empfehlen?<\/strong><br>Aber sehr gerne. Ich w\u00fcrde mich freuen.<br><br><strong>Liebe Gr\u00fc\u00dfe,<br><br>Heiko L\u00fcbben<\/strong><br><em>Zertifizierter Mediator nach dem Mediationsgesetz<\/em><\/p>\n","protected":false},"excerpt":{"rendered":"<p>Herzlich Willkommen zum (VOR)EHE-CHECKUP. Vielleicht habt ihr mich auf einer Hochzeitsmesse (z.B. die letzte Messe im November in Lingen) getroffen oder von Freunden davon geh\u00f6rt. Ich freue mich jedenfalls, dass ihr hier her gefunden habt. \ud83d\ude42 Was ist der (VOR)EHE-CHECKUP?Mein (VOR)EHE-CHECKUP ist ein normalerweise ca. 45-min\u00fctiges Paar-Gespr\u00e4ch und wird von mir (zertifizierter Mediator) gef\u00fchrt und [&hellip;]<\/p>\n","protected":false},"author":1,"featured_media":0,"parent":0,"menu_order":0,"comment_status":"closed","ping_status":"closed","template":"","meta":{"hide_page_title":"","_coblocks_attr":"","_coblocks_dimensions":"","_coblocks_responsive_height":"","_coblocks_accordion_ie_support":"","footnotes":""},"class_list":["post-66","page","type-page","status-publish","hentry"],"_links":{"self":[{"href":"https:\/\/consems.de\/blog\/wp-json\/wp\/v2\/pages\/66","targetHints":{"allow":["GET"]}}],"collection":[{"href":"https:\/\/consems.de\/blog\/wp-json\/wp\/v2\/pages"}],"about":[{"href":"https:\/\/consems.de\/blog\/wp-json\/wp\/v2\/types\/page"}],"author":[{"embeddable":true,"href":"https:\/\/consems.de\/blog\/wp-json\/wp\/v2\/users\/1"}],"replies":[{"embeddable":true,"href":"https:\/\/consems.de\/blog\/wp-json\/wp\/v2\/comments?post=66"}],"version-history":[{"count":4,"href":"https:\/\/consems.de\/blog\/wp-json\/wp\/v2\/pages\/66\/revisions"}],"predecessor-version":[{"id":78,"href":"https:\/\/consems.de\/blog\/wp-json\/wp\/v2\/pages\/66\/revisions\/78"}],"wp:attachment":[{"href":"https:\/\/consems.de\/blog\/wp-json\/wp\/v2\/media?parent=66"}],"curies":[{"name":"wp","href":"https:\/\/api.w.org\/{rel}","templated":true}]}}